{"id":24,"date":"2017-04-13T09:56:21","date_gmt":"2017-04-13T09:56:21","guid":{"rendered":"http:\/\/morphophonology-eng-lll.msh-vdl.fr\/?page_id=24"},"modified":"2017-04-13T09:56:21","modified_gmt":"2017-04-13T09:56:21","slug":"contact","status":"publish","type":"page","link":"https:\/\/morphophonology-eng-lll.msh-vdl.fr\/index.php\/fr\/contact\/","title":{"rendered":"Contact"},"content":{"rendered":"<p>Responsable scientifique :<\/p>\n<p>Jean Michel FOURNIER<br \/>\n3, Rue des Tanneurs 37041 TOURS CEDEX<br \/>\n02 47 36 66 54<\/p>\n<p>Afin de pouvoir b\u00e9n\u00e9ficier des droits d&rsquo;acc\u00e8s au logiciel ou pour tout autre renseignement, merci de compl\u00e9ter le formulaire ci-dessous<\/p>\n <div id=\"send\"><\/div> <form class=\"scf-form\" action=\"\/index.php\/wp-json\/wp\/v2\/pages\/24\" method=\"post\"><div>Nom <span class='required'>*requis<\/span><\/div><input type=\"text\" name=\"seos-name\" value=\"\" size=\"50\" \/><\/p><p><div>Email <span class='required'>*requis<\/span><\/div><input type=\"email\" name=\"seos-email\" value=\"\" size=\"50\" \/><\/p><br \/><p><div>Titre<\/div><input type=\"text\" name=\"seos-subject\" value=\"\" size=\"50\" \/><\/p><p><div>Message <span class='required'>*requis<\/span><\/div><textarea rows=\"10\" cols=\"50\" name=\"seos-message\"><\/textarea><\/p><p> <br\/><input class=\"noselect\" type=\"text\" name=\"rand\" value=\"12+10\" readonly=\"readonly\" \/><label class=\"scf-sum\"> = <\/label><input type=\"text\" name=\"text\" value=\"\" \/> <span class='required'>*requis<\/span><\/p><p><input type=\"submit\" name=\"seos-submitted\" value=\"Envoyer\"><\/p><\/form>\n","protected":false},"excerpt":{"rendered":"<p>Responsable scientifique : Jean Michel FOURNIER 3, Rue des Tanneurs 37041 TOURS CEDEX 02 47 36 66 54 Afin de pouvoir b\u00e9n\u00e9ficier des droits d&rsquo;acc\u00e8s au logiciel ou pour tout autre renseignement, merci de compl\u00e9ter le formulaire ci-dessous<\/p>\n","protected":false},"author":1,"featured_media":0,"parent":0,"menu_order":0,"comment_status":"closed","ping_status":"closed","template":"","meta":[],"_links":{"self":[{"href":"https:\/\/morphophonology-eng-lll.msh-vdl.fr\/index.php\/wp-json\/wp\/v2\/pages\/24"}],"collection":[{"href":"https:\/\/morphophonology-eng-lll.msh-vdl.fr\/index.php\/wp-json\/wp\/v2\/pages"}],"about":[{"href":"https:\/\/morphophonology-eng-lll.msh-vdl.fr\/index.php\/wp-json\/wp\/v2\/types\/page"}],"author":[{"embeddable":true,"href":"https:\/\/morphophonology-eng-lll.msh-vdl.fr\/index.php\/wp-json\/wp\/v2\/users\/1"}],"replies":[{"embeddable":true,"href":"https:\/\/morphophonology-eng-lll.msh-vdl.fr\/index.php\/wp-json\/wp\/v2\/comments?post=24"}],"version-history":[{"count":1,"href":"https:\/\/morphophonology-eng-lll.msh-vdl.fr\/index.php\/wp-json\/wp\/v2\/pages\/24\/revisions"}],"predecessor-version":[{"id":25,"href":"https:\/\/morphophonology-eng-lll.msh-vdl.fr\/index.php\/wp-json\/wp\/v2\/pages\/24\/revisions\/25"}],"wp:attachment":[{"href":"https:\/\/morphophonology-eng-lll.msh-vdl.fr\/index.php\/wp-json\/wp\/v2\/media?parent=24"}],"curies":[{"name":"wp","href":"https:\/\/api.w.org\/{rel}","templated":true}]}}