{"id":28,"date":"2017-04-13T10:02:30","date_gmt":"2017-04-13T10:02:30","guid":{"rendered":"http:\/\/morphophonology-eng-lll.msh-vdl.fr\/?page_id=28"},"modified":"2017-04-19T09:34:18","modified_gmt":"2017-04-19T09:34:18","slug":"documentation","status":"publish","type":"page","link":"https:\/\/morphophonology-eng-lll.msh-vdl.fr\/index.php\/fr\/documentation\/","title":{"rendered":"Documentation"},"content":{"rendered":"<p>L&rsquo;aventure base de donn\u00e9es dictionnairique sur la morphophonologie de l&rsquo;anglais contemporain a d\u00e9but\u00e9 pour la nouvelle \u00e9quipe en septembre 2016.<\/p>\n<p>Sa mise en service est pr\u00e9vue pour l&rsquo;\u00e9t\u00e9 2017.<\/p>\n<p>Documentation utilisateur :<\/p>\n<ul>\n<li>\u00e0 venir<\/li>\n<\/ul>\n<p>Documentation technique :<\/p>\n<p><a href=\"http:\/\/morphophonology-eng-lll.msh-vdl.fr\/wp-content\/uploads\/2017\/04\/documents-symbol.jpg\"><img loading=\"lazy\" class=\"alignnone wp-image-125\" src=\"http:\/\/morphophonology-eng-lll.msh-vdl.fr\/wp-content\/uploads\/2017\/04\/documents-symbol-300x300.jpg\" alt=\"\" width=\"17\" height=\"17\" \/><\/a><a href=\"http:\/\/morphophonology-eng-lll.msh-vdl.fr\/wp-content\/uploads\/2017\/04\/analyse_remplissage_tables.pptx\">analyse_remplissage_tables.ppt<\/a><\/p>\n<p><a href=\"http:\/\/morphophonology-eng-lll.msh-vdl.fr\/wp-content\/uploads\/2017\/04\/documents-symbol.jpg\"><img loading=\"lazy\" class=\"alignnone wp-image-125\" src=\"http:\/\/morphophonology-eng-lll.msh-vdl.fr\/wp-content\/uploads\/2017\/04\/documents-symbol-300x300.jpg\" alt=\"\" width=\"17\" height=\"17\" \/><\/a><a href=\"http:\/\/morphophonology-eng-lll.msh-vdl.fr\/wp-content\/uploads\/2017\/04\/Manuel-technique-Module-Chargement.pdf\">Manuel-technique-Module-Chargement.pdf<\/a><\/p>\n<p><a href=\"http:\/\/morphophonology-eng-lll.msh-vdl.fr\/wp-content\/uploads\/2017\/04\/documents-symbol.jpg\"><img loading=\"lazy\" class=\"alignnone wp-image-125\" src=\"http:\/\/morphophonology-eng-lll.msh-vdl.fr\/wp-content\/uploads\/2017\/04\/documents-symbol-300x300.jpg\" alt=\"\" width=\"17\" height=\"17\" \/><\/a><a href=\"http:\/\/morphophonology-eng-lll.msh-vdl.fr\/wp-content\/uploads\/2017\/04\/Bddioctionnairique_fonctionnement_collaboratif.pptx\">Bddioctionnairique_fonctionnement_collaboratif.ppt<\/a><\/p>\n","protected":false},"excerpt":{"rendered":"<p>L&rsquo;aventure base de donn\u00e9es dictionnairique sur la morphophonologie de l&rsquo;anglais contemporain a d\u00e9but\u00e9 pour la nouvelle \u00e9quipe en septembre 2016. Sa mise en service est pr\u00e9vue pour l&rsquo;\u00e9t\u00e9 2017. Documentation utilisateur : \u00e0 venir Documentation technique : analyse_remplissage_tables.ppt Manuel-technique-Module-Chargement.pdf Bddioctionnairique_fonctionnement_collaboratif.ppt<\/p>\n","protected":false},"author":1,"featured_media":0,"parent":0,"menu_order":0,"comment_status":"closed","ping_status":"closed","template":"","meta":[],"_links":{"self":[{"href":"https:\/\/morphophonology-eng-lll.msh-vdl.fr\/index.php\/wp-json\/wp\/v2\/pages\/28"}],"collection":[{"href":"https:\/\/morphophonology-eng-lll.msh-vdl.fr\/index.php\/wp-json\/wp\/v2\/pages"}],"about":[{"href":"https:\/\/morphophonology-eng-lll.msh-vdl.fr\/index.php\/wp-json\/wp\/v2\/types\/page"}],"author":[{"embeddable":true,"href":"https:\/\/morphophonology-eng-lll.msh-vdl.fr\/index.php\/wp-json\/wp\/v2\/users\/1"}],"replies":[{"embeddable":true,"href":"https:\/\/morphophonology-eng-lll.msh-vdl.fr\/index.php\/wp-json\/wp\/v2\/comments?post=28"}],"version-history":[{"count":4,"href":"https:\/\/morphophonology-eng-lll.msh-vdl.fr\/index.php\/wp-json\/wp\/v2\/pages\/28\/revisions"}],"predecessor-version":[{"id":112,"href":"https:\/\/morphophonology-eng-lll.msh-vdl.fr\/index.php\/wp-json\/wp\/v2\/pages\/28\/revisions\/112"}],"wp:attachment":[{"href":"https:\/\/morphophonology-eng-lll.msh-vdl.fr\/index.php\/wp-json\/wp\/v2\/media?parent=28"}],"curies":[{"name":"wp","href":"https:\/\/api.w.org\/{rel}","templated":true}]}}