{"id":34,"date":"2017-04-13T12:24:34","date_gmt":"2017-04-13T12:24:34","guid":{"rendered":"http:\/\/morphophonology-eng-lll.msh-vdl.fr\/?page_id=34"},"modified":"2017-04-19T09:31:57","modified_gmt":"2017-04-19T09:31:57","slug":"le-projet","status":"publish","type":"page","link":"https:\/\/morphophonology-eng-lll.msh-vdl.fr\/index.php\/fr\/le-projet\/","title":{"rendered":"Le projet"},"content":{"rendered":"<div class=\"field-items\">\n<div class=\"field-item even\">\n<p style=\"text-align: justify;\">Dirig\u00e9e par J.-M. Fournier, l\u2019\u00e9quipe r\u00e9unit 4 EC (dont 1 \u00e0 50%), 2 MCF associ\u00e9s (et anciens doctorants du LLL, en poste \u00e0 l\u2019Universit\u00e9 du Littoral et \u00e0 Paris 13) et trois doctorants (l\u2019un devant avoir soutenu en 2016, l\u2019autre en co-encadrement avec l\u2019Universit\u00e9 Lomonossov de Moscou, le troisi\u00e8me avec Orl\u00e9ans). Si le travail s\u2019est poursuivi sur le traitement des bases de donn\u00e9es de l\u2019anglais, \u00e0 l\u2019occasion du nouveau contrat une ouverture \u00e0 d\u2019autres langues a \u00e9t\u00e9 rendue possible avec l\u2019arriv\u00e9e d\u2019un coll\u00e8gue travaillant, entre autres, sur l\u2019italien et le somali. L\u2019\u00e9quipe s\u2019est occup\u00e9e notamment de :<\/p>\n<ul>\n<li>la mise au point d\u2019une <strong><em>base de donn\u00e9es<\/em><\/strong> dont un cahier des charges a \u00e9t\u00e9 \u00e9labor\u00e9 par une IE du laboratoire, F. Badin, et d\u00e9velopp\u00e9e pour partie par A Phat Ly, AI au <a href=\"http:\/\/www.lll.cnrs.fr\">LLL<\/a> avec l\u2019assistance d\u2019un IR, Yvan Stroppa du <a title=\"Accueil\" href=\"https:\/\/math.univ-lille1.fr\/d7\/\" rel=\"home\">Laboratoire Paul Painlev\u00e9<\/a> (UMR CNRS 8524)<\/li>\n<li>l\u2019implication dans les <strong><em>programmes de phonologie<\/em><\/strong> (cf. th\u00e9matique), que ce soit le R\u00e9seau Fran\u00e7ais de Phonologie ou le GDRI PTA, des \u00e9changes avec le programme PAC (Phonologie de l\u2019Anglais Contemporain) ou les recherches entreprises \u00e0 la MSHS de Poitiers sur les dictionnaires anglais du XVIII<sup>e<\/sup> si\u00e8cle,<\/li>\n<li><strong><em>la soutenance de deux th\u00e8ses<\/em><\/strong> (qui se sont conclues par des recrutements comme MCF), une troisi\u00e8me devant \u00eatre soutenue en 2016.<\/li>\n<\/ul>\n<\/div>\n<\/div>\n","protected":false},"excerpt":{"rendered":"<p>Dirig\u00e9e par J.-M. Fournier, l\u2019\u00e9quipe r\u00e9unit 4 EC (dont 1 \u00e0 50%), 2 MCF associ\u00e9s (et anciens doctorants du LLL, en poste \u00e0 l\u2019Universit\u00e9 du Littoral et \u00e0 Paris 13) et trois doctorants (l\u2019un devant avoir soutenu en 2016, l\u2019autre &hellip; <a href=\"https:\/\/morphophonology-eng-lll.msh-vdl.fr\/index.php\/fr\/le-projet\/\">Continuer la lecture <span class=\"meta-nav\">&rarr;<\/span><\/a><\/p>\n","protected":false},"author":1,"featured_media":0,"parent":0,"menu_order":0,"comment_status":"closed","ping_status":"closed","template":"","meta":[],"_links":{"self":[{"href":"https:\/\/morphophonology-eng-lll.msh-vdl.fr\/index.php\/wp-json\/wp\/v2\/pages\/34"}],"collection":[{"href":"https:\/\/morphophonology-eng-lll.msh-vdl.fr\/index.php\/wp-json\/wp\/v2\/pages"}],"about":[{"href":"https:\/\/morphophonology-eng-lll.msh-vdl.fr\/index.php\/wp-json\/wp\/v2\/types\/page"}],"author":[{"embeddable":true,"href":"https:\/\/morphophonology-eng-lll.msh-vdl.fr\/index.php\/wp-json\/wp\/v2\/users\/1"}],"replies":[{"embeddable":true,"href":"https:\/\/morphophonology-eng-lll.msh-vdl.fr\/index.php\/wp-json\/wp\/v2\/comments?post=34"}],"version-history":[{"count":4,"href":"https:\/\/morphophonology-eng-lll.msh-vdl.fr\/index.php\/wp-json\/wp\/v2\/pages\/34\/revisions"}],"predecessor-version":[{"id":108,"href":"https:\/\/morphophonology-eng-lll.msh-vdl.fr\/index.php\/wp-json\/wp\/v2\/pages\/34\/revisions\/108"}],"wp:attachment":[{"href":"https:\/\/morphophonology-eng-lll.msh-vdl.fr\/index.php\/wp-json\/wp\/v2\/media?parent=34"}],"curies":[{"name":"wp","href":"https:\/\/api.w.org\/{rel}","templated":true}]}}